299?
1298
Calculate the remainder when 545257 is divided by 1084.
5
Calculate the remainder when 122943 is divided by 122934.
9
Calculate the remainder when 86132 is divided by 148.
144
Calculate the remainder when 6782 is divided by 6686.
96
What is the remainder when 181953 is divided by 84?
9
Calculate the remainder when 3777884 is divided by 928.
924
What is the remainder when 198717 is divided by 46?
43
Calculate the remainder when 7637524 is divided by 133.
132
What is the remainder when 19151 is divided by 72?
71
Calculate the remainder when 23666 is divided by 548.
102
Calculate the remainder when 15246 is divided by 425.
371
Calculate the remainder when 14978 is divided by 267.
26
What is the remainder when 7394 is divided by 2436?
86
Calculate the remainder when 7866 is divided by 1078.
320
Calculate the remainder when 6338 is divided by 289.
269
What is the remainder when 766427 is divided by 867?
866
What is the remainder when 204802 is divided by 22746?
88
What is the remainder when 102516 is divided by 3106?
18
Calculate the remainder when 4826 is divided by 419.
217
What is the remainder when 40183 is divided by 13?
0
Calculate the remainder when 3735 is divided by 312.
303
Calculate the remainder when 104530 is divided by 17.
14
Calculate the remainder when 262658 is divided by 118.
108
What is the remainder when 5650 is divided by 145?
140
Calculate the remainder when 11511 is divided by 274.
3
What is the remainder when 55099 is divided by 38?
37
What is the remainder when 6834 is divided by 570?
564
What is the remainder when 170688 is divided by 261?
255
What is the remainder when 30819 is divided by 82?
69
What is the remainder when 3191 is divided by 258?
95
What is the remainder when 18134 is divided by 586?
554
What is the remainder when 66779 is divided by 16687?
31
What is the remainder when 41650 is divided by 117?
115
What is the remainder when 28156 is divided by 123?
112
What is the remainder when 29124 is divided by 14561?
2
Calculate the remainder when 56082 is divided by 303.
27
What is the remainder when 1365 is divided by 1263?
102
Calculate the remainder when 7577 is divided by 190.
167
What is the remainder when 9703 is divided by 254?
51
Calculate the remainder when 65165 is divided by 557.
553
What is the remainder when 32303 is divided by 23?
11
Calculate the remainder when 1628 is divided by 226.
46
What is the remainder when 192 is divided by 89?
14
What is the remainder when 291624 is divided by 17?
6
Calculate the remainder when 10986 is divided by 35.
31
What is the remainder when 12671 is divided by 1390?
161
Calculate the remainder when 1511 is divided by 95.
86
Calculate the remainder when 6033 is divided by 14.
13
What is the remainder when 1603 is divided by 196?
35
What is the remainder when 1616 is divided by 483?
167
Calculate the remainder when 131900 is divided by 65939.
22
What is the remainder when 36949 is divided by 164?
49
Calculate the remainder when 2427 is divided by 1159.
109
Calculate the remainder when 30950 is divided by 345.
245
Calculate the remainder when 5485 is divided by 1.
0
What is the remainder when 711 is divided by 26?
9
Calculate the remainder when 68175 is divided by 470.
25
What is the remainder when 1112476 is divided by 12225?
1
Calculate the remainder when 18730 is divided by 38.
34
What is the remainder when 210739 is divided by 42147?
4
What is the remainder when 28288 is divided by 1175?
88
Calculate the remainder when 68934 is divided by 138.
72
Calculate the remainder when 66009 is divided by 786.
771
What is the remainder when 2210 is divided by 20?
10
What is the remainder when 125467 is divided by 48?
43
What is the remainder when 95471 is divided by 475?
471
What is the remainder when 257 is divided by 150?
107
Calculate the remainder when 62616 is divided by 19.
11
What is the remainder when 1539 is divided by 741?
57
What is the remainder when 447786 is divided by 26?
14
Calculate the remainder when 450 is divided by 11.
10
Calculate the remainder when 99358 is divided by 1274.
1260
Calculate the remainder when 2587 is divided by 159.
43
What is the remainder when 633333 is divided by 158328?
21
Calculate the remainder when 8117 is divided by 150.
17
What is the remainder when 452310 is divided by 420?
390
Calculate the remainder when 78703 is divided by 135.
133
Calculate the remainder when 8461 is divided by 116.
109
What is the remainder when 29327 is divided by 50?
27
Calculate the remainder when 31456 is divided by 2838.
238
What is the remainder when 22258 is divided by 259?
243
What is the remainder when 84255 is divided by 28082?
9
Calculate the remainder when 230259 is divided by 107.
102
What is the remainder when 53870 is divided by 26?
24
Calculate the remainder when 2558 is divided by 1243.
72
Calculate the remainder when 41769 is divided by 236.
233
What is the remainder when 1111 is divided by 390?
331
Calculate the remainder when 1634467 is divided by 2662.
2661
Calculate the remainder when 8370 is divided by 45.
0
What is the remainder when 4367 is divided by 168?
167
Calculate the remainder when 869 is divided by 788.
81
What is the remainder when 43838 is divided by 35?
18
Calculate the remainder when 33049 is divided by 50.
49
What is the remainder when 25060 is divided by 1927?
9
What is the remainder when 277430 is divided by 77?
76
Calculate the remainder when 715 is divided by 664.
51
Calculate the remainder when 43080 is divided by 673.
8
What is the remainder when 1905 is divided by 367?
70
What is the remainder when 8444 is divided by 20?
4
Calculate the remainder when 4901 is divided by 69.
2
Calculate the remainder when 6398 is divided by 28.
14
Calculate the remainder when 1824 is divided by 118.
54
Calculate the remainder when 2027 is divided by 45.
2
What is the remainder when 315385 is divided by 21?
7
Calculate the remainder when 734274 is divided by 575.
574
Calculate the remainder when 28244 is divided by 28243.
1
What is the remainder when 4377 is divided by 228?
45
Calculate the remainder when 3739 is divided by 427.
323
What is the remainder when 47096 is divided by 141?
2
What is the remainder when 163434 is divided by 23347?
5
What is the remainder when 4580 is divided by 11?
4
Calculate the remainder when 1868 is divided by 11.
9
What is the remainder when 1625 is divided by 467?
224
Calculate the remainder when 124225 is divided by 690.
25
Calculate the remainder when 245199 is divided by 200.
199
What is the remainder when 228093 is divided by 162?
159
Calculate the remainder when 2724 is divided by 681.
0
What is the remainder when 22920 is divided by 8?
0
Calculate the remainder when 734 is divided by 40.
14
What is the remainder when 5924 is divided by 1850?
374
What is the remainder when 10216 is divided by 2042?
6
What is the remainder when 1696 is divided by 163?
66
Calculate the remainder when 324 is divided by 312.
12
What is the remainder when 74968 is divided by 714?
712
Calculate the remainder when 687 is divided by 417.
270
Calculate the remainder when 7383 is divided by 76.
11
What is the remainder when 189932 is divided by 2?
0
Calculate the remainder when 740358 is divided by 904.
886
What is the remainder when 1178 is divided by 37?
31
What is the remainder when 22081 is divided by 37?
29
Calculate the remainder when 1145 is divided by 83.
66
What is the remainder when 9728 is divided by 1085?
1048
Calculate the remainder when 111197 is divided by 13896.
29
What is the remainder when 52036 is divided by 42?
40
Calculate the remainder when 252709 is divided by 8.
5
What is the remainder when 162289 is divided by 141?
139
Calculate the remainder when 1326 is divided by 1239.
87
Calculate the remainder when 60339 is divided by 53.
25
What is the remainder when 13988 is divided by 311?
304
What is the remainder when 2722 is divided by 113?
10
What is the remainder when 31414 is divided by 805?
19
What is the remainder when 1158 is divided by 229?
13
Calculate the remainder when 8019 is divided by 7970.
49
What is the remainder when 139102 is divided by 3?
1
Calculate the remainder when 2024 is divided by 68.
52
What is the remainder when 740879 is divided by 360?
359
What is the remainder w